{"id":223,"date":"2023-02-11T18:05:42","date_gmt":"2023-02-11T18:05:42","guid":{"rendered":"https:\/\/www.hotelparkan.cz\/?page_id=223"},"modified":"2026-01-02T22:50:49","modified_gmt":"2026-01-02T22:50:49","slug":"preisliste","status":"publish","type":"page","link":"https:\/\/www.hotelparkan.cz\/?page_id=223&lang=de","title":{"rendered":"Preisliste"},"content":{"rendered":"\n<p class=\"has-text-align-center\"><\/p>\n\n\n\n<h1 class=\"wp-block-heading has-text-align-center\">Preisliste 2026<\/h1>\n\n\n\n<h2 class=\"wp-block-heading has-text-align-center\">von 1. 1. 2026<\/h2>\n\n\n\n<table id=\"tablepress-6\" class=\"tablepress tablepress-id-6\">\n<thead>\n<tr class=\"row-1\">\n\t<th class=\"column-1\"><strong>Zimmer<\/strong><\/th><th class=\"column-2\"><strong>Zimmer\/Nacht\t<\/strong><\/th><th class=\"column-3\"><strong>Preis f\u00fcr eine Person<\/strong><\/th>\n<\/tr>\n<\/thead>\n<tbody class=\"row-striping row-hover\">\n<tr class=\"row-2\">\n\t<td class=\"column-1\">Einzelzimmer<\/td><td class=\"column-2\">990,-<\/td><td class=\"column-3\">990,-<\/td>\n<\/tr>\n<tr class=\"row-3\">\n\t<td class=\"column-1\">Doppelzimmer<\/td><td class=\"column-2\">1590,-<\/td><td class=\"column-3\">795,-<\/td>\n<\/tr>\n<tr class=\"row-4\">\n\t<td class=\"column-1\">Dreibettzimmer<\/td><td class=\"column-2\">2250,-<\/td><td class=\"column-3\">750,-<\/td>\n<\/tr>\n<tr class=\"row-5\">\n\t<td class=\"column-1\">Vierbettzimmer<\/td><td class=\"column-2\">2800,-<\/td><td class=\"column-3\">700,-<\/td>\n<\/tr>\n<tr class=\"row-6\">\n\t<td class=\"column-1\">Apartement<\/td><td class=\"column-2\">3000,-<\/td><td class=\"column-3\">750,-<\/td>\n<\/tr>\n<tr class=\"row-7\">\n\t<td class=\"column-1\">Zubett<\/td><td class=\"column-2\">650,-<\/td><td class=\"column-3\">650,-<\/td>\n<\/tr>\n<\/tbody>\n<\/table>\n<!-- #tablepress-6 from cache -->\n\n\n<h2 class=\"wp-block-heading has-text-align-center\">M\u00f6gliche Preisnachl\u00e4sse f\u00fcr die individuellen Aufenthalte<\/h2>\n\n\n\n<h3 class=\"wp-block-heading has-text-align-center\">3 N\u00e4chte und mehr<\/h3>\n\n\n\n<table id=\"tablepress-8\" class=\"tablepress tablepress-id-8\">\n<thead>\n<tr class=\"row-1\">\n\t<th class=\"column-1\"><strong>Zimmer<\/strong><\/th><th class=\"column-2\"><strong>Zimmer\/Nacht\t<\/strong><\/th><th class=\"column-3\"><strong>Preis f\u00fcr eine Person<\/strong><\/th>\n<\/tr>\n<\/thead>\n<tbody class=\"row-striping row-hover\">\n<tr class=\"row-2\">\n\t<td class=\"column-1\">Einzelzimmer<\/td><td class=\"column-2\">990,-<\/td><td class=\"column-3\">990,-<\/td>\n<\/tr>\n<tr class=\"row-3\">\n\t<td class=\"column-1\">Doppelzimmer<\/td><td class=\"column-2\">1490,-<\/td><td class=\"column-3\">745,-<\/td>\n<\/tr>\n<tr class=\"row-4\">\n\t<td class=\"column-1\">Dreibettzimmer<\/td><td class=\"column-2\">2100,-<\/td><td class=\"column-3\">700,-<\/td>\n<\/tr>\n<tr class=\"row-5\">\n\t<td class=\"column-1\">Vierbettzimmer<\/td><td class=\"column-2\">2600,-<\/td><td class=\"column-3\">650,-<\/td>\n<\/tr>\n<tr class=\"row-6\">\n\t<td class=\"column-1\">Apartement<\/td><td class=\"column-2\">2800,-<\/td><td class=\"column-3\">700,-<\/td>\n<\/tr>\n<tr class=\"row-7\">\n\t<td class=\"column-1\">Zubett<\/td><td class=\"column-2\">600,-<\/td><td class=\"column-3\">600,-<\/td>\n<\/tr>\n<\/tbody>\n<\/table>\n<!-- #tablepress-8 from cache -->\n\n\n<h4 class=\"wp-block-heading has-text-align-center\">Preise sind im CZ Kronen <br>Alle Preise sind inkl. Fr\u00fchst\u00fcck, ohne Fr\u00fchst\u00fcck Preisnachlass 50,- CZK \/Persone<br>Hund 100,- CZK\/per Nacht<\/h4>\n\n\n\n<h2 class=\"wp-block-heading has-text-align-center\">Sie k\u00f6nnen nicht mit Kreditkarten zahlen, aber wir akzeptieren Euro.<\/h2>\n\n\n\n<h4 class=\"wp-block-heading has-text-align-center\">Kinder bis 2 Jahre ohne Bett Gratis<br>Preisnachlass f\u00fcr Gruppen<\/h4>\n","protected":false},"excerpt":{"rendered":"<p>Preisliste 2026 von 1. 1. 2026 M\u00f6gliche Preisnachl\u00e4sse f\u00fcr die individuellen Aufenthalte 3 N\u00e4chte und mehr Preise sind im CZ Kronen Alle Preise sind inkl. Fr\u00fchst\u00fcck, ohne Fr\u00fchst\u00fcck Preisnachlass 50,- CZK \/PersoneHund 100,- CZK\/per Nacht Sie k\u00f6nnen nicht mit Kreditkarten zahlen, aber wir akzeptieren Euro. Kinder bis 2 Jahre ohne Bett GratisPreisnachlass f\u00fcr Gruppen<\/p>\n","protected":false},"author":1,"featured_media":0,"parent":0,"menu_order":0,"comment_status":"closed","ping_status":"closed","template":"","meta":{"footnotes":""},"class_list":["post-223","page","type-page","status-publish","hentry"],"_links":{"self":[{"href":"https:\/\/www.hotelparkan.cz\/index.php?rest_route=\/wp\/v2\/pages\/223","targetHints":{"allow":["GET"]}}],"collection":[{"href":"https:\/\/www.hotelparkan.cz\/index.php?rest_route=\/wp\/v2\/pages"}],"about":[{"href":"https:\/\/www.hotelparkan.cz\/index.php?rest_route=\/wp\/v2\/types\/page"}],"author":[{"embeddable":true,"href":"https:\/\/www.hotelparkan.cz\/index.php?rest_route=\/wp\/v2\/users\/1"}],"replies":[{"embeddable":true,"href":"https:\/\/www.hotelparkan.cz\/index.php?rest_route=%2Fwp%2Fv2%2Fcomments&post=223"}],"version-history":[{"count":12,"href":"https:\/\/www.hotelparkan.cz\/index.php?rest_route=\/wp\/v2\/pages\/223\/revisions"}],"predecessor-version":[{"id":378,"href":"https:\/\/www.hotelparkan.cz\/index.php?rest_route=\/wp\/v2\/pages\/223\/revisions\/378"}],"wp:attachment":[{"href":"https:\/\/www.hotelparkan.cz\/index.php?rest_route=%2Fwp%2Fv2%2Fmedia&parent=223"}],"curies":[{"name":"wp","href":"https:\/\/api.w.org\/{rel}","templated":true}]}}