{"id":191,"date":"2023-02-11T17:00:22","date_gmt":"2023-02-11T17:00:22","guid":{"rendered":"https:\/\/www.hotelparkan.cz\/?page_id=191"},"modified":"2024-01-20T18:06:54","modified_gmt":"2024-01-20T18:06:54","slug":"home","status":"publish","type":"page","link":"https:\/\/www.hotelparkan.cz\/?page_id=191&lang=de","title":{"rendered":"Home"},"content":{"rendered":"<div  data-label=\"About\" data-id=\"about--1\" data-export-id=\"about-1\" data-category=\"about\" class=\"about-1 content-section\" id=\"about-1\" style=\"background-color: rgb(246, 245, 231); background-image: none;\"><div  class=\"gridContainer\"> <div  class=\"row text-center\"><div  class=\"section-title-col\" data-type=\"column\"> <h5  class=\"\">Seit 1993<\/h5>  <p  class=\"lead\" style=\"text-align: left;\"><span  style=\"font-weight: 600;\"><br >Hotel Park\u00e1n stellt sich Ihnen vor:<\/span><br >\nEin historisches Geb\u00e4ude aus dem 14. Jh., das sich in der Ruhezone des Stadtzentrums von Prachatice befindet, einer der sch\u00f6nsten St\u00e4dte S\u00fcdb\u00f6hmens.\n<br ><br >\n\u0160umava geh\u00f6rt touristisch zu den attraktivsten Teilen S\u00fcdb\u00f6hmens \u2013 Gebirgslanschaft mit tiefen W\u00e4ldern, Urw\u00e4ldern, Morlandschaften und kristallklaren Flussquellen, bewundert von Dichtern und Besuchern aus aller Welt. Der B\u00f6hmerwald bietet ideale Bedingungen f\u00fcr Ganzjahrestouristik und Sport.\n<br ><br >\nInfolge seiner Lage wird Prachatice oft als \u201eTor zum B\u00f6hmerwald\u201c bezeichnet, eine Stadt, die sicher zu den malerischsten St\u00e4dten der B\u00f6hmischer L\u00e4nder geh\u00f6rt, dank der zahlreichen erhaltenen sp\u00e4tgotischen und Renaissancedenkm\u00e4ler.\n<br ><br >\nGleich in unmittelbarer N\u00e4he der Stadtdominante \u2013 der Jakobskirche \u2013 befindet sich das Hotel Park\u00e1n. Das Hotelgeb\u00e4ude ist nicht nur durch seine Herkunft aus dem 14. Jh. interessant, sondern auch durch eine Lage direkt an der Stadtmauer und dem anliegenden Park\u00e1n, das heute als Stadtpark dienst und wo sich die Hotelg\u00e4ste auf Sommerterrasse aufhalten k\u00f6nnen.\n<br ><br >\nDas Haus wurde im Jahre 1993 gr\u00fcndlich renoviert, wobei alle historisch wertvollen R\u00e4umlichkeiten und Elemente erhalten bleiben, und zusammen mit moderner Ausstattung eingesetzt werden, um den G\u00e4sten einen komforteblen Aufenthalt in einer attraktiven und einmaligen Atmosph\u00e4re bieten zu k\u00f6nnen.\n<br ><br >\nDie Eingangshalle mit dr Rezeption befinden sich in einem Renaissanceraum mit einer Balkendecke.<br >\nDas Restaurant hat gotische Gew\u00f6lbedecken und einen mittelalterlichen Steinbrunnen. Es ist nur f\u00fcr unsere G\u00e4ste ge\u00f6ffnet.<\/p><\/div> <\/div> <div  class=\"row\"> <div  class=\"button-holder space-bottom space-bottom-small\" data-type=\"column\"> <\/div> <div  class=\"col-xs bottom-xs flexbox image-group-bottom-3-img space-bottom-xs center-xs\"> <img  decoding=\"async\" class=\"left-img shadow-large-black\" data-size=\"500x300\" src=\"http:\/\/www.hotelparkan.cz\/wp-content\/uploads\/2023\/02\/cropped-cropped-DSCI0410.jpg\" title=\"cropped-cropped-DSCI0410.jpg\" alt=\"\"> <img  decoding=\"async\" class=\"center-img shadow-large-black\" data-size=\"500x300\" src=\"http:\/\/www.hotelparkan.cz\/wp-content\/uploads\/2023\/02\/DSCI0390.jpg\" title=\"DSCI0390\" alt=\"\"> <img  decoding=\"async\" class=\"right-img shadow-large-black\" data-size=\"500x300\" src=\"http:\/\/www.hotelparkan.cz\/wp-content\/uploads\/2023\/01\/cropped-IMG_20230109_132949_HDR-scaled-1.jpg\" title=\"IMG_20230109_132949_HDR\" alt=\"\"><\/div> <\/div><\/div> <\/div><div  data-label=\"Contact\" data-id=\"contact--1\" data-export-id=\"contact-1\" data-category=\"contact\" class=\"contact-1 content-section content-section-spacing white-text content-relative\" data-parallax-depth=\"20\" id=\"contact-1\" style=\"background-color: rgb(245, 250, 253);\"><div  class=\"section-separator-top\">\n    <svg  xmlns=\"http:\/\/www.w3.org\/2000\/svg\" viewBox=\"0 0 283.5 19.6\" preserveAspectRatio=\"none\" data-separator-name=\"opacity-fan\" class=\"section-separator-top\">\n\t<path  class=\"svg-white-bg\" style=\"opacity: 0.33;\" d=\"M0 0L0 18.8 141.8 4.1 283.5 18.8 283.5 0z\"><\/path>\n\t<path  class=\"svg-white-bg\" style=\"opacity: 0.33;\" d=\"M0 0L0 12.6 141.8 4 283.5 12.6 283.5 0z\"><\/path>\n\t<path  class=\"svg-white-bg\" style=\"opacity: 0.33;\" d=\"M0 0L0 6.4 141.8 4 283.5 6.4 283.5 0z\"><\/path>\n\t<path  class=\"svg-white-bg\" d=\"M0 0L0 1.2 141.8 4 283.5 1.2 283.5 0z\"><\/path>\n<\/svg>\n<\/div><div  class=\"gridContainer\"> <div  class=\"row text-center\"><div  class=\"section-title-col\" data-type=\"column\"> <h2  class=\"\">Kontaktiere uns<\/h2> <\/div> <\/div> <div  class=\"row text-center\"> <div  class=\"col-xs-12 col-sm-8 col-sm-offset-2 contact-form-wrapper inline-info\"> <div  class=\"card large-padding\"> <div  class=\"\" data-content-shortcode=\"mesmerize_contact_form shortcode=&quot;contact-form-7 id=&amp;amp;quot;207&amp;amp;quot; title=&amp;amp;quot;Kontakt DE&amp;amp;quot;&quot;\" data-editable=\"true\">\n<div class=\"wpcf7 no-js\" id=\"wpcf7-f207-o1\" lang=\"cs-CZ\" dir=\"ltr\" data-wpcf7-id=\"207\">\n<div class=\"screen-reader-response\"><p role=\"status\" aria-live=\"polite\" aria-atomic=\"true\"><\/p> <ul><\/ul><\/div>\n<form action=\"\/index.php?rest_route=%2Fwp%2Fv2%2Fpages%2F191#wpcf7-f207-o1\" method=\"post\" class=\"wpcf7-form init\" aria-label=\"Kontaktn\u00ed formul\u00e1\u0159\" novalidate=\"novalidate\" data-status=\"init\">\n<fieldset class=\"hidden-fields-container\"><input type=\"hidden\" name=\"_wpcf7\" value=\"207\" \/><input type=\"hidden\" name=\"_wpcf7_version\" value=\"6.1.4\" \/><input type=\"hidden\" name=\"_wpcf7_locale\" value=\"cs_CZ\" \/><input type=\"hidden\" name=\"_wpcf7_unit_tag\" value=\"wpcf7-f207-o1\" \/><input type=\"hidden\" name=\"_wpcf7_container_post\" value=\"0\" \/><input type=\"hidden\" name=\"_wpcf7_posted_data_hash\" value=\"\" \/>\n<\/fieldset>\n<p><label> Ihre Name<br \/>\n<span class=\"wpcf7-form-control-wrap\" data-name=\"your-name\"><input size=\"40\" maxlength=\"400\" class=\"wpcf7-form-control wpcf7-text wpcf7-validates-as-required\" autocomplete=\"name\" aria-required=\"true\" aria-invalid=\"false\" value=\"\" type=\"text\" name=\"your-name\" \/><\/span> <\/label>\n<\/p>\n<p><label> Ihre Email<br \/>\n<span class=\"wpcf7-form-control-wrap\" data-name=\"your-email\"><input size=\"40\" maxlength=\"400\" class=\"wpcf7-form-control wpcf7-email wpcf7-validates-as-required wpcf7-text wpcf7-validates-as-email\" autocomplete=\"email\" aria-required=\"true\" aria-invalid=\"false\" value=\"\" type=\"email\" name=\"your-email\" \/><\/span> <\/label>\n<\/p>\n<p><label> Betreff<br \/>\n<span class=\"wpcf7-form-control-wrap\" data-name=\"your-subject\"><input size=\"40\" maxlength=\"400\" class=\"wpcf7-form-control wpcf7-text wpcf7-validates-as-required\" aria-required=\"true\" aria-invalid=\"false\" value=\"\" type=\"text\" name=\"your-subject\" \/><\/span> <\/label>\n<\/p>\n<p><label> Ihre Nachricht<br \/>\n<span class=\"wpcf7-form-control-wrap\" data-name=\"your-message\"><textarea cols=\"40\" rows=\"10\" maxlength=\"2000\" class=\"wpcf7-form-control wpcf7-textarea\" aria-invalid=\"false\" name=\"your-message\"><\/textarea><\/span> <\/label>\n<\/p>\n<p><input class=\"wpcf7-form-control wpcf7-submit has-spinner\" type=\"submit\" value=\"Schicken\" \/>\n<\/p><div class=\"wpcf7-response-output\" aria-hidden=\"true\"><\/div>\n<\/form>\n<\/div>\n<\/div><\/div> <\/div><\/div> <\/div><\/div>","protected":false},"excerpt":{"rendered":"<p>Seit 1993 Hotel Park\u00e1n stellt sich Ihnen vor: Ein historisches Geb\u00e4ude aus dem 14. Jh., das sich in der Ruhezone des Stadtzentrums von Prachatice befindet, einer der sch\u00f6nsten St\u00e4dte S\u00fcdb\u00f6hmens. \u0160umava geh\u00f6rt touristisch zu den attraktivsten Teilen S\u00fcdb\u00f6hmens \u2013 Gebirgslanschaft mit tiefen W\u00e4ldern, Urw\u00e4ldern, Morlandschaften und kristallklaren Flussquellen, bewundert von Dichtern und Besuchern aus aller&hellip; <br \/> <a class=\"read-more\" href=\"https:\/\/www.hotelparkan.cz\/?page_id=191&#038;lang=de\">V\u00edce<\/a><\/p>\n","protected":false},"author":1,"featured_media":0,"parent":0,"menu_order":0,"comment_status":"closed","ping_status":"closed","template":"","meta":{"footnotes":""},"class_list":["post-191","page","type-page","status-publish","hentry"],"_links":{"self":[{"href":"https:\/\/www.hotelparkan.cz\/index.php?rest_route=\/wp\/v2\/pages\/191","targetHints":{"allow":["GET"]}}],"collection":[{"href":"https:\/\/www.hotelparkan.cz\/index.php?rest_route=\/wp\/v2\/pages"}],"about":[{"href":"https:\/\/www.hotelparkan.cz\/index.php?rest_route=\/wp\/v2\/types\/page"}],"author":[{"embeddable":true,"href":"https:\/\/www.hotelparkan.cz\/index.php?rest_route=\/wp\/v2\/users\/1"}],"replies":[{"embeddable":true,"href":"https:\/\/www.hotelparkan.cz\/index.php?rest_route=%2Fwp%2Fv2%2Fcomments&post=191"}],"version-history":[{"count":9,"href":"https:\/\/www.hotelparkan.cz\/index.php?rest_route=\/wp\/v2\/pages\/191\/revisions"}],"predecessor-version":[{"id":364,"href":"https:\/\/www.hotelparkan.cz\/index.php?rest_route=\/wp\/v2\/pages\/191\/revisions\/364"}],"wp:attachment":[{"href":"https:\/\/www.hotelparkan.cz\/index.php?rest_route=%2Fwp%2Fv2%2Fmedia&parent=191"}],"curies":[{"name":"wp","href":"https:\/\/api.w.org\/{rel}","templated":true}]}}

<div  data-label="About" data-id="about--1" data-export-id="about-1" data-category="about" class="about-1 content-section" id="about-1" style="background-color: rgb(246, 245, 231); background-image: none;"><div  class="gridContainer"> <div  class="row text-center"><div  class="section-title-col" data-type="column"> <h5  class="">Seit 1993</h5>  <p  class="lead" style="text-align: left;"><span  style="font-weight: 600;"><br >Hotel Parkán stellt sich Ihnen vor:</span><br >
Ein historisches Gebäude aus dem 14. Jh., das sich in der Ruhezone des Stadtzentrums von Prachatice befindet, einer der schönsten Städte Südböhmens.
<br ><br >
Šumava gehört touristisch zu den attraktivsten Teilen Südböhmens – Gebirgslanschaft mit tiefen Wäldern, Urwäldern, Morlandschaften und kristallklaren Flussquellen, bewundert von Dichtern und Besuchern aus aller Welt. Der Böhmerwald bietet ideale Bedingungen für Ganzjahrestouristik und Sport.
<br ><br >
Infolge seiner Lage wird Prachatice oft als „Tor zum Böhmerwald“ bezeichnet, eine Stadt, die sicher zu den malerischsten Städten der Böhmischer Länder gehört, dank der zahlreichen erhaltenen spätgotischen und Renaissancedenkmäler.
<br ><br >
Gleich in unmittelbarer Nähe der Stadtdominante – der Jakobskirche – befindet sich das Hotel Parkán. Das Hotelgebäude ist nicht nur durch seine Herkunft aus dem 14. Jh. interessant, sondern auch durch eine Lage direkt an der Stadtmauer und dem anliegenden Parkán, das heute als Stadtpark dienst und wo sich die Hotelgäste auf Sommerterrasse aufhalten können.
<br ><br >
Das Haus wurde im Jahre 1993 gründlich renoviert, wobei alle historisch wertvollen Räumlichkeiten und Elemente erhalten bleiben, und zusammen mit moderner Ausstattung eingesetzt werden, um den Gästen einen komforteblen Aufenthalt in einer attraktiven und einmaligen Atmosphäre bieten zu können.
<br ><br >
Die Eingangshalle mit dr Rezeption befinden sich in einem Renaissanceraum mit einer Balkendecke.<br >
Das Restaurant hat gotische Gewölbedecken und einen mittelalterlichen Steinbrunnen. Es ist nur für unsere Gäste geöffnet.</p></div> </div> <div  class="row"> <div  class="button-holder space-bottom space-bottom-small" data-type="column"> </div> <div  class="col-xs bottom-xs flexbox image-group-bottom-3-img space-bottom-xs center-xs"> <img  decoding="async" class="left-img shadow-large-black" data-size="500x300" src="http://www.hotelparkan.cz/wp-content/uploads/2023/02/cropped-cropped-DSCI0410.jpg" title="cropped-cropped-DSCI0410.jpg" alt=""> <img  decoding="async" class="center-img shadow-large-black" data-size="500x300" src="http://www.hotelparkan.cz/wp-content/uploads/2023/02/DSCI0390.jpg" title="DSCI0390" alt=""> <img  decoding="async" class="right-img shadow-large-black" data-size="500x300" src="http://www.hotelparkan.cz/wp-content/uploads/2023/01/cropped-IMG_20230109_132949_HDR-scaled-1.jpg" title="IMG_20230109_132949_HDR" alt=""></div> </div></div> </div><div  data-label="Contact" data-id="contact--1" data-export-id="contact-1" data-category="contact" class="contact-1 content-section content-section-spacing white-text content-relative" data-parallax-depth="20" id="contact-1" style="background-color: rgb(245, 250, 253);"><div  class="section-separator-top">
    <svg  xmlns="http://www.w3.org/2000/svg" viewBox="0 0 283.5 19.6" preserveAspectRatio="none" data-separator-name="opacity-fan" class="section-separator-top">
	<path  class="svg-white-bg" style="opacity: 0.33;" d="M0 0L0 18.8 141.8 4.1 283.5 18.8 283.5 0z"></path>
	<path  class="svg-white-bg" style="opacity: 0.33;" d="M0 0L0 12.6 141.8 4 283.5 12.6 283.5 0z"></path>
	<path  class="svg-white-bg" style="opacity: 0.33;" d="M0 0L0 6.4 141.8 4 283.5 6.4 283.5 0z"></path>
	<path  class="svg-white-bg" d="M0 0L0 1.2 141.8 4 283.5 1.2 283.5 0z"></path>
</svg>
</div><div  class="gridContainer"> <div  class="row text-center"><div  class="section-title-col" data-type="column"> <h2  class="">Kontaktiere uns</h2> </div> </div> <div  class="row text-center"> <div  class="col-xs-12 col-sm-8 col-sm-offset-2 contact-form-wrapper inline-info"> <div  class="card large-padding"> <div  class="" data-content-shortcode="mesmerize_contact_form shortcode=&quot;contact-form-7 id=&amp;amp;quot;207&amp;amp;quot; title=&amp;amp;quot;Kontakt DE&amp;amp;quot;&quot;" data-editable="true">
<div class="wpcf7 no-js" id="wpcf7-f207-o1" lang="cs-CZ" dir="ltr" data-wpcf7-id="207">
<div class="screen-reader-response"><p role="status" aria-live="polite" aria-atomic="true"></p> <ul></ul></div>
<form action="/index.php?rest_route=%2Fwp%2Fv2%2Fpages%2F191#wpcf7-f207-o1" method="post" class="wpcf7-form init" aria-label="Kontaktní formulář" novalidate="novalidate" data-status="init">
<fieldset class="hidden-fields-container"><input type="hidden" name="_wpcf7" value="207" /><input type="hidden" name="_wpcf7_version" value="6.1.4" /><input type="hidden" name="_wpcf7_locale" value="cs_CZ" /><input type="hidden" name="_wpcf7_unit_tag" value="wpcf7-f207-o1" /><input type="hidden" name="_wpcf7_container_post" value="0" /><input type="hidden" name="_wpcf7_posted_data_hash" value="" />
</fieldset>
<p><label> Ihre Name<br />
<span class="wpcf7-form-control-wrap" data-name="your-name"><input size="40" maxlength="400" class="wpcf7-form-control wpcf7-text wpcf7-validates-as-required" autocomplete="name" aria-required="true" aria-invalid="false" value="" type="text" name="your-name" /></span> </label>
</p>
<p><label> Ihre Email<br />
<span class="wpcf7-form-control-wrap" data-name="your-email"><input size="40" maxlength="400" class="wpcf7-form-control wpcf7-email wpcf7-validates-as-required wpcf7-text wpcf7-validates-as-email" autocomplete="email" aria-required="true" aria-invalid="false" value="" type="email" name="your-email" /></span> </label>
</p>
<p><label> Betreff<br />
<span class="wpcf7-form-control-wrap" data-name="your-subject"><input size="40" maxlength="400" class="wpcf7-form-control wpcf7-text wpcf7-validates-as-required" aria-required="true" aria-invalid="false" value="" type="text" name="your-subject" /></span> </label>
</p>
<p><label> Ihre Nachricht<br />
<span class="wpcf7-form-control-wrap" data-name="your-message"><textarea cols="40" rows="10" maxlength="2000" class="wpcf7-form-control wpcf7-textarea" aria-invalid="false" name="your-message"></textarea></span> </label>
</p>
<p><input class="wpcf7-form-control wpcf7-submit has-spinner" type="submit" value="Schicken" />
</p><div class="wpcf7-response-output" aria-hidden="true"></div>
</form>
</div>
</div></div> </div></div> </div></div>

<p>Seit 1993 Hotel Parkán stellt sich Ihnen vor: Ein historisches Gebäude aus dem 14. Jh., das sich in der Ruhezone des Stadtzentrums von Prachatice befindet, einer der schönsten Städte Südböhmens. Šumava gehört touristisch zu den attraktivsten Teilen Südböhmens – Gebirgslanschaft mit tiefen Wäldern, Urwäldern, Morlandschaften und kristallklaren Flussquellen, bewundert von Dichtern und Besuchern aus aller&hellip; <br /> <a class="read-more" href="https://www.hotelparkan.cz/?page_id=191&#038;lang=de">Více</a></p>
