{"id":160,"date":"2023-01-29T12:29:14","date_gmt":"2023-01-29T12:29:14","guid":{"rendered":"https:\/\/www.hotelparkan.cz\/?page_id=160"},"modified":"2023-01-29T12:29:14","modified_gmt":"2023-01-29T12:29:14","slug":"vyziti","status":"publish","type":"page","link":"https:\/\/www.hotelparkan.cz\/?page_id=160","title":{"rendered":"Vy\u017eit\u00ed"},"content":{"rendered":"\n<h1 class=\"has-text-align-center wp-block-heading\"><strong>Kultura<\/strong><\/h1>\n\n\n\n<h2 class=\"wp-block-heading\"><strong>Muzea v Prachatic\u00edch<\/strong><\/h2>\n\n\n\n<ul class=\"wp-block-list\">\n<li><strong>Muzeum Zlat\u00e9 stezky<\/strong><\/li>\n\n\n\n<li><strong>Muzeum krajky<\/strong><\/li>\n\n\n\n<li><strong>Expozice \u010desk\u00e9 loutky a cirkusu<\/strong><\/li>\n<\/ul>\n\n\n\n<h2 class=\"wp-block-heading\"><strong>Galerie v Prachatic\u00edch<\/strong><\/h2>\n\n\n\n<ul class=\"wp-block-list\">\n<li><strong>Galerie Doln\u00ed br\u00e1na<\/strong><\/li>\n\n\n\n<li><strong>Kulturn\u00ed centrum Otto Herberta Hajeka<\/strong><\/li>\n<\/ul>\n\n\n\n<h2 class=\"wp-block-heading\"><strong>Hrady, z\u00e1mky<\/strong><\/h2>\n\n\n\n<ul class=\"wp-block-list\">\n<li><strong>Kratochv\u00edle<\/strong><\/li>\n\n\n\n<li><strong>Hlubok\u00e1 nad Vltavou<\/strong><\/li>\n\n\n\n<li><strong>Ro\u017emberk nad Vltavou<\/strong><\/li>\n\n\n\n<li><strong>\u010cesk\u00fd Krumlov<\/strong><\/li>\n\n\n\n<li><strong>Vimperk<\/strong><\/li>\n\n\n\n<li><strong>Helfenburk<\/strong><\/li>\n\n\n\n<li><strong>Hus<\/strong><\/li>\n\n\n\n<li><strong>Strakonice<\/strong><\/li>\n\n\n\n<li><strong>Rab\u00ed<\/strong><\/li>\n<\/ul>\n\n\n\n<h2 class=\"wp-block-heading\"><strong>Pam\u00e1tky<\/strong><\/h2>\n\n\n\n<ul class=\"wp-block-list\">\n<li><strong>M\u011bstsk\u00e1 pam\u00e1tkov\u00e1 rezervace Prachatice<\/strong><\/li>\n\n\n\n<li><strong>M\u011bstsk\u00e1 pam\u00e1tkov\u00e1 rezervace Netolice<\/strong><\/li>\n\n\n\n<li><strong>Hola\u0161ovice &#8211; obec chr\u00e1n\u011bn\u00e1 organizac\u00ed UNESCO<\/strong><\/li>\n\n\n\n<li><strong>Volarsk\u00e9 domy alpsk\u00e9ho typu<\/strong><\/li>\n\n\n\n<li><strong>nejv\u011bt\u0161\u00ed slune\u010dn\u00ed hodiny v \u010cesk\u00e9 republice &#8211; v Prachatic\u00edch<\/strong><\/li>\n<\/ul>\n\n\n\n<h1 class=\"has-text-align-center wp-block-heading\"><strong>Sportovn\u00ed aktivity<\/strong><\/h1>\n\n\n\n<h2 class=\"wp-block-heading\"><strong>Turistika<\/strong><\/h2>\n\n\n\n<ul class=\"wp-block-list\">\n<li><strong>Zlat\u00e1 stezka<\/strong><\/li>\n\n\n\n<li><strong>Schwarzenbersk\u00fd kan\u00e1l<\/strong><\/li>\n\n\n\n<li><strong>Lib\u00edn<\/strong><\/li>\n\n\n\n<li><strong>stezky v korun\u00e1ch strom\u016f<\/strong><\/li>\n\n\n\n<li><strong>CHKO a NP \u0160umava<\/strong><\/li>\n\n\n\n<li><strong>Houba\u0159en\u00ed<\/strong><\/li>\n<\/ul>\n\n\n\n<h2 class=\"wp-block-heading\"><strong>Cykloturistika<\/strong><\/h2>\n\n\n\n<ul class=\"wp-block-list\">\n<li><strong>CHKO a NP \u0160umava<\/strong><\/li>\n\n\n\n<li><strong>Schwarzenbersk\u00fd kan\u00e1l<\/strong><\/li>\n\n\n\n<li><strong>Lipensko<\/strong><\/li>\n<\/ul>\n\n\n\n<h2 class=\"wp-block-heading\"><strong>Koupali\u0161t\u011b, baz\u00e9ny<\/strong><\/h2>\n\n\n\n<ul class=\"wp-block-list\">\n<li><strong>kryt\u00fd baz\u00e9n Prachatice<\/strong><\/li>\n\n\n\n<li><strong>koupali\u0161t\u011b Hul\u00e1k Prachatice<\/strong><\/li>\n\n\n\n<li><strong>kryt\u00fd baz\u00e9n a koupali\u0161t\u011b \u010cesk\u00e9 Bud\u011bjovice<\/strong><\/li>\n\n\n\n<li><strong>kryt\u00fd baz\u00e9n a koupali\u0161t\u011b Strakonice<\/strong><\/li>\n\n\n\n<li><strong>kryt\u00fd baz\u00e9n Volary<\/strong><\/li>\n\n\n\n<li><strong>K\u0159i\u0161\u0165anovick\u00fd rybn\u00edk<\/strong><\/li>\n\n\n\n<li><strong>\u00fadoln\u00ed n\u00e1dr\u017e Husinec<\/strong><\/li>\n\n\n\n<li><strong>\u00fadoln\u00ed n\u00e1dr\u017e Lipno<\/strong><\/li>\n<\/ul>\n\n\n\n<h2 class=\"wp-block-heading\"><strong>Ly\u017eov\u00e1n\u00ed<\/strong><\/h2>\n\n\n\n<ul class=\"wp-block-list\">\n<li><strong>Zadov<\/strong><\/li>\n\n\n\n<li><strong>Hochficht<\/strong><\/li>\n\n\n\n<li><strong>Mitterdorf<\/strong><\/li>\n\n\n\n<li><strong>Kramol\u00edn<\/strong><\/li>\n\n\n\n<li><strong>Nov\u00e9 Hut\u011b<\/strong><\/li>\n\n\n\n<li><strong>\u010cesk\u00e9 \u017dleby<\/strong><\/li>\n\n\n\n<li><strong>Lib\u00ednsk\u00e9 Sedlo<\/strong><\/li>\n<\/ul>\n\n\n\n<h2 class=\"wp-block-heading\"><strong>Adrenalinov\u00e9 aktivity<\/strong><\/h2>\n\n\n\n<ul class=\"wp-block-list\">\n<li><strong>Lanov\u00fd park Lib\u00edn<\/strong><\/li>\n\n\n\n<li><strong>Bobov\u00e1 dr\u00e1ha Lipno<\/strong><\/li>\n<\/ul>\n","protected":false},"excerpt":{"rendered":"<p>Kultura Muzea v Prachatic\u00edch Galerie v Prachatic\u00edch Hrady, z\u00e1mky Pam\u00e1tky Sportovn\u00ed aktivity Turistika Cykloturistika Koupali\u0161t\u011b, baz\u00e9ny Ly\u017eov\u00e1n\u00ed Adrenalinov\u00e9 aktivity<\/p>\n","protected":false},"author":1,"featured_media":0,"parent":0,"menu_order":0,"comment_status":"closed","ping_status":"closed","template":"","meta":{"footnotes":""},"class_list":["post-160","page","type-page","status-publish","hentry"],"_links":{"self":[{"href":"https:\/\/www.hotelparkan.cz\/index.php?rest_route=\/wp\/v2\/pages\/160","targetHints":{"allow":["GET"]}}],"collection":[{"href":"https:\/\/www.hotelparkan.cz\/index.php?rest_route=\/wp\/v2\/pages"}],"about":[{"href":"https:\/\/www.hotelparkan.cz\/index.php?rest_route=\/wp\/v2\/types\/page"}],"author":[{"embeddable":true,"href":"https:\/\/www.hotelparkan.cz\/index.php?rest_route=\/wp\/v2\/users\/1"}],"replies":[{"embeddable":true,"href":"https:\/\/www.hotelparkan.cz\/index.php?rest_route=%2Fwp%2Fv2%2Fcomments&post=160"}],"version-history":[{"count":1,"href":"https:\/\/www.hotelparkan.cz\/index.php?rest_route=\/wp\/v2\/pages\/160\/revisions"}],"predecessor-version":[{"id":161,"href":"https:\/\/www.hotelparkan.cz\/index.php?rest_route=\/wp\/v2\/pages\/160\/revisions\/161"}],"wp:attachment":[{"href":"https:\/\/www.hotelparkan.cz\/index.php?rest_route=%2Fwp%2Fv2%2Fmedia&parent=160"}],"curies":[{"name":"wp","href":"https:\/\/api.w.org\/{rel}","templated":true}]}}

Vyžití

<h1 class="has-text-align-center wp-block-heading"><strong>Kultura</strong></h1>



<h2 class="wp-block-heading"><strong>Muzea v Prachaticích</strong></h2>



<ul class="wp-block-list">
<li><strong>Muzeum Zlaté stezky</strong></li>



<li><strong>Muzeum krajky</strong></li>



<li><strong>Expozice české loutky a cirkusu</strong></li>
</ul>



<h2 class="wp-block-heading"><strong>Galerie v Prachaticích</strong></h2>



<ul class="wp-block-list">
<li><strong>Galerie Dolní brána</strong></li>



<li><strong>Kulturní centrum Otto Herberta Hajeka</strong></li>
</ul>



<h2 class="wp-block-heading"><strong>Hrady, zámky</strong></h2>



<ul class="wp-block-list">
<li><strong>Kratochvíle</strong></li>



<li><strong>Hluboká nad Vltavou</strong></li>



<li><strong>Rožmberk nad Vltavou</strong></li>



<li><strong>Český Krumlov</strong></li>



<li><strong>Vimperk</strong></li>



<li><strong>Helfenburk</strong></li>



<li><strong>Hus</strong></li>



<li><strong>Strakonice</strong></li>



<li><strong>Rabí</strong></li>
</ul>



<h2 class="wp-block-heading"><strong>Památky</strong></h2>



<ul class="wp-block-list">
<li><strong>Městská památková rezervace Prachatice</strong></li>



<li><strong>Městská památková rezervace Netolice</strong></li>



<li><strong>Holašovice &#8211; obec chráněná organizací UNESCO</strong></li>



<li><strong>Volarské domy alpského typu</strong></li>



<li><strong>největší sluneční hodiny v České republice &#8211; v Prachaticích</strong></li>
</ul>



<h1 class="has-text-align-center wp-block-heading"><strong>Sportovní aktivity</strong></h1>



<h2 class="wp-block-heading"><strong>Turistika</strong></h2>



<ul class="wp-block-list">
<li><strong>Zlatá stezka</strong></li>



<li><strong>Schwarzenberský kanál</strong></li>



<li><strong>Libín</strong></li>



<li><strong>stezky v korunách stromů</strong></li>



<li><strong>CHKO a NP Šumava</strong></li>



<li><strong>Houbaření</strong></li>
</ul>



<h2 class="wp-block-heading"><strong>Cykloturistika</strong></h2>



<ul class="wp-block-list">
<li><strong>CHKO a NP Šumava</strong></li>



<li><strong>Schwarzenberský kanál</strong></li>



<li><strong>Lipensko</strong></li>
</ul>



<h2 class="wp-block-heading"><strong>Koupaliště, bazény</strong></h2>



<ul class="wp-block-list">
<li><strong>krytý bazén Prachatice</strong></li>



<li><strong>koupaliště Hulák Prachatice</strong></li>



<li><strong>krytý bazén a koupaliště České Budějovice</strong></li>



<li><strong>krytý bazén a koupaliště Strakonice</strong></li>



<li><strong>krytý bazén Volary</strong></li>



<li><strong>Křišťanovický rybník</strong></li>



<li><strong>údolní nádrž Husinec</strong></li>



<li><strong>údolní nádrž Lipno</strong></li>
</ul>



<h2 class="wp-block-heading"><strong>Lyžování</strong></h2>



<ul class="wp-block-list">
<li><strong>Zadov</strong></li>



<li><strong>Hochficht</strong></li>



<li><strong>Mitterdorf</strong></li>



<li><strong>Kramolín</strong></li>



<li><strong>Nové Hutě</strong></li>



<li><strong>České Žleby</strong></li>



<li><strong>Libínské Sedlo</strong></li>
</ul>



<h2 class="wp-block-heading"><strong>Adrenalinové aktivity</strong></h2>



<ul class="wp-block-list">
<li><strong>Lanový park Libín</strong></li>



<li><strong>Bobová dráha Lipno</strong></li>
</ul>

<p>Kultura Muzea v Prachaticích Galerie v Prachaticích Hrady, zámky Památky Sportovní aktivity Turistika Cykloturistika Koupaliště, bazény Lyžování Adrenalinové aktivity</p>
